{"id":672,"date":"2024-05-09T18:53:07","date_gmt":"2024-05-09T18:53:07","guid":{"rendered":"https:\/\/sebastianpytka.com\/?page_id=672"},"modified":"2024-05-09T18:53:07","modified_gmt":"2024-05-09T18:53:07","slug":"o-mnie","status":"publish","type":"page","link":"http:\/\/sebastianpytka.com\/?page_id=672","title":{"rendered":"O mnie"},"content":{"rendered":"\t\t<div data-elementor-type=\"wp-page\" data-elementor-id=\"672\" class=\"elementor elementor-672\" data-elementor-post-type=\"page\">\n\t\t\t\t<div class=\"elementor-element elementor-element-d0376a6 e-con-full e-flex e-con e-parent\" data-id=\"d0376a6\" data-element_type=\"container\">\n\t\t<div class=\"elementor-element elementor-element-d09a57f e-con-full e-flex e-con e-child\" data-id=\"d09a57f\" data-element_type=\"container\">\n\t\t\t\t<div class=\"elementor-element elementor-element-05a8336 elementor-widget elementor-widget-image\" data-id=\"05a8336\" data-element_type=\"widget\" data-widget_type=\"image.default\">\n\t\t\t\t<div class=\"elementor-widget-container\">\n\t\t\t<style>\/*! elementor - v3.21.0 - 30-04-2024 *\/\n.elementor-widget-image{text-align:center}.elementor-widget-image a{display:inline-block}.elementor-widget-image a img[src$=\".svg\"]{width:48px}.elementor-widget-image img{vertical-align:middle;display:inline-block}<\/style>\t\t\t\t\t\t\t\t\t\t<img decoding=\"async\" src=\"http:\/\/sebastianpytka.com\/wp-content\/plugins\/elementor\/assets\/images\/placeholder.png\" title=\"\" alt=\"\" loading=\"lazy\" \/>\t\t\t\t\t\t\t\t\t\t\t\t\t<\/div>\n\t\t\t\t<\/div>\n\t\t\t\t<\/div>\n\t\t<div class=\"elementor-element elementor-element-c731e38 e-con-full e-flex e-con e-child\" data-id=\"c731e38\" data-element_type=\"container\">\n\t\t\t\t<div class=\"elementor-element elementor-element-96cc93b elementor-headline--style-highlight elementor-widget elementor-widget-animated-headline\" data-id=\"96cc93b\" data-element_type=\"widget\" data-settings=\"{&quot;marker&quot;:&quot;double&quot;,&quot;highlighted_text&quot;:&quot; Mam na imi\\u0119 Sebastian&quot;,&quot;headline_style&quot;:&quot;highlight&quot;,&quot;loop&quot;:&quot;yes&quot;,&quot;highlight_animation_duration&quot;:1200,&quot;highlight_iteration_delay&quot;:8000}\" data-widget_type=\"animated-headline.default\">\n\t\t\t\t<div class=\"elementor-widget-container\">\n\t\t\t<link rel=\"stylesheet\" href=\"https:\/\/sebastianpytka.com\/wp-content\/plugins\/elementor-pro\/assets\/css\/widget-animated-headline.min.css\">\t\t<h2 class=\"elementor-headline\">\n\t\t\t\t<span class=\"elementor-headline-dynamic-wrapper elementor-headline-text-wrapper\">\n\t\t\t\t\t<span class=\"elementor-headline-dynamic-text elementor-headline-text-active\"> Mam na imi\u0119 Sebastian<\/span>\n\t\t\t\t<\/span>\n\t\t\t\t<\/h2>\n\t\t\t\t<\/div>\n\t\t\t\t<\/div>\n\t\t\t\t<div class=\"elementor-element elementor-element-dbc22c4 elementor-widget elementor-widget-text-editor\" data-id=\"dbc22c4\" data-element_type=\"widget\" data-widget_type=\"text-editor.default\">\n\t\t\t\t<div class=\"elementor-widget-container\">\n\t\t\t<style>\/*! elementor - v3.21.0 - 30-04-2024 *\/\n.elementor-widget-text-editor.elementor-drop-cap-view-stacked .elementor-drop-cap{background-color:#69727d;color:#fff}.elementor-widget-text-editor.elementor-drop-cap-view-framed .elementor-drop-cap{color:#69727d;border:3px solid;background-color:transparent}.elementor-widget-text-editor:not(.elementor-drop-cap-view-default) .elementor-drop-cap{margin-top:8px}.elementor-widget-text-editor:not(.elementor-drop-cap-view-default) .elementor-drop-cap-letter{width:1em;height:1em}.elementor-widget-text-editor .elementor-drop-cap{float:left;text-align:center;line-height:1;font-size:50px}.elementor-widget-text-editor .elementor-drop-cap-letter{display:inline-block}<\/style>\t\t\t\t<p>\u00a0 \u00a0 \u00a0Jestem grafikiem z ponad 10 letnim do\u015bwiadczeniem. Specjalizuje si\u0119 w projektowaniu identyfikacji wizualnej tworz\u0105c logotypy, okleiny aut, projekty do druku ulotek, wizyt\u00f3wek, plakat\u00f3w, naklejek i inne. Skupiam si\u0119 na poszerzeniu kompetencji w zakresie projektowania 3D czego efekty znajdziecie w moim portfolio. Po godzinach rze\u017abi\u0119, strugam i szlifuj\u0119 \ud83d\ude42 Urodzi\u0142em si\u0119 w Kielcach ale serce zostawi\u0142em w \u0141odzi.\u00a0<\/p>\t\t\t\t\t\t<\/div>\n\t\t\t\t<\/div>\n\t\t\t\t<\/div>\n\t\t\t\t<\/div>\n\t\t\t\t<\/div>\n\t\t","protected":false},"excerpt":{"rendered":"<p>Mam na imi\u0119 Sebastian \u00a0 \u00a0 \u00a0Jestem grafikiem z ponad 10 letnim do\u015bwiadczeniem. Specjalizuje si\u0119 w projektowaniu identyfikacji wizualnej tworz\u0105c logotypy, okleiny aut, projekty do druku ulotek, wizyt\u00f3wek, plakat\u00f3w, naklejek i inne. Skupiam si\u0119 na poszerzeniu kompetencji w zakresie projektowania 3D czego efekty znajdziecie w moim portfolio. Po godzinach rze\u017abi\u0119, strugam i szlifuj\u0119 \ud83d\ude42 Urodzi\u0142em [&hellip;]<\/p>\n","protected":false},"author":1,"featured_media":0,"parent":0,"menu_order":0,"comment_status":"closed","ping_status":"closed","template":"","meta":{"footnotes":""},"class_list":["post-672","page","type-page","status-publish","hentry"],"_links":{"self":[{"href":"http:\/\/sebastianpytka.com\/index.php?rest_route=\/wp\/v2\/pages\/672","targetHints":{"allow":["GET"]}}],"collection":[{"href":"http:\/\/sebastianpytka.com\/index.php?rest_route=\/wp\/v2\/pages"}],"about":[{"href":"http:\/\/sebastianpytka.com\/index.php?rest_route=\/wp\/v2\/types\/page"}],"author":[{"embeddable":true,"href":"http:\/\/sebastianpytka.com\/index.php?rest_route=\/wp\/v2\/users\/1"}],"replies":[{"embeddable":true,"href":"http:\/\/sebastianpytka.com\/index.php?rest_route=%2Fwp%2Fv2%2Fcomments&post=672"}],"version-history":[{"count":0,"href":"http:\/\/sebastianpytka.com\/index.php?rest_route=\/wp\/v2\/pages\/672\/revisions"}],"wp:attachment":[{"href":"http:\/\/sebastianpytka.com\/index.php?rest_route=%2Fwp%2Fv2%2Fmedia&parent=672"}],"curies":[{"name":"wp","href":"https:\/\/api.w.org\/{rel}","templated":true}]}}

<div data-elementor-type="wp-page" data-elementor-id="672" class="elementor elementor-672" data-elementor-post-type="page">
				<div class="elementor-element elementor-element-d0376a6 e-con-full e-flex e-con e-parent" data-id="d0376a6" data-element_type="container">
		<div class="elementor-element elementor-element-d09a57f e-con-full e-flex e-con e-child" data-id="d09a57f" data-element_type="container">
				<div class="elementor-element elementor-element-05a8336 elementor-widget elementor-widget-image" data-id="05a8336" data-element_type="widget" data-widget_type="image.default">
				<div class="elementor-widget-container">
			<style>/*! elementor - v3.21.0 - 30-04-2024 */
.elementor-widget-image{text-align:center}.elementor-widget-image a{display:inline-block}.elementor-widget-image a img[src$=".svg"]{width:48px}.elementor-widget-image img{vertical-align:middle;display:inline-block}</style>										<img decoding="async" src="http://sebastianpytka.com/wp-content/plugins/elementor/assets/images/placeholder.png" title="" alt="" loading="lazy" />													</div>
				</div>
				</div>
		<div class="elementor-element elementor-element-c731e38 e-con-full e-flex e-con e-child" data-id="c731e38" data-element_type="container">
				<div class="elementor-element elementor-element-96cc93b elementor-headline--style-highlight elementor-widget elementor-widget-animated-headline" data-id="96cc93b" data-element_type="widget" data-settings="{&quot;marker&quot;:&quot;double&quot;,&quot;highlighted_text&quot;:&quot; Mam na imi\u0119 Sebastian&quot;,&quot;headline_style&quot;:&quot;highlight&quot;,&quot;loop&quot;:&quot;yes&quot;,&quot;highlight_animation_duration&quot;:1200,&quot;highlight_iteration_delay&quot;:8000}" data-widget_type="animated-headline.default">
				<div class="elementor-widget-container">
			<link rel="stylesheet" href="https://sebastianpytka.com/wp-content/plugins/elementor-pro/assets/css/widget-animated-headline.min.css">		<h2 class="elementor-headline">
				<span class="elementor-headline-dynamic-wrapper elementor-headline-text-wrapper">
					<span class="elementor-headline-dynamic-text elementor-headline-text-active"> Mam na imię Sebastian</span>
				</span>
				</h2>
				</div>
				</div>
				<div class="elementor-element elementor-element-dbc22c4 elementor-widget elementor-widget-text-editor" data-id="dbc22c4" data-element_type="widget" data-widget_type="text-editor.default">
				<div class="elementor-widget-container">
			<style>/*! elementor - v3.21.0 - 30-04-2024 */
.elementor-widget-text-editor.elementor-drop-cap-view-stacked .elementor-drop-cap{background-color:#69727d;color:#fff}.elementor-widget-text-editor.elementor-drop-cap-view-framed .elementor-drop-cap{color:#69727d;border:3px solid;background-color:transparent}.elementor-widget-text-editor:not(.elementor-drop-cap-view-default) .elementor-drop-cap{margin-top:8px}.elementor-widget-text-editor:not(.elementor-drop-cap-view-default) .elementor-drop-cap-letter{width:1em;height:1em}.elementor-widget-text-editor .elementor-drop-cap{float:left;text-align:center;line-height:1;font-size:50px}.elementor-widget-text-editor .elementor-drop-cap-letter{display:inline-block}</style>				<p>     Jestem grafikiem z ponad 10 letnim doświadczeniem. Specjalizuje się w projektowaniu identyfikacji wizualnej tworząc logotypy, okleiny aut, projekty do druku ulotek, wizytówek, plakatów, naklejek i inne. Skupiam się na poszerzeniu kompetencji w zakresie projektowania 3D czego efekty znajdziecie w moim portfolio. Po godzinach rzeźbię, strugam i szlifuję 🙂 Urodziłem się w Kielcach ale serce zostawiłem w Łodzi. </p>						</div>
				</div>
				</div>
				</div>
				</div>

<p>Mam na imię Sebastian      Jestem grafikiem z ponad 10 letnim doświadczeniem. Specjalizuje się w projektowaniu identyfikacji wizualnej tworząc logotypy, okleiny aut, projekty do druku ulotek, wizytówek, plakatów, naklejek i inne. Skupiam się na poszerzeniu kompetencji w zakresie projektowania 3D czego efekty znajdziecie w moim portfolio. Po godzinach rzeźbię, strugam i szlifuję 🙂 Urodziłem [&hellip;]</p>
